8 = -4*f + j*w, -5*f + 51 = -4*w - 107. Let b = f - -3. List the prime factors of b.
3, 11
Suppose -146 + 920 = 3*h. Let u = 534 - h. What are the prime factors of u?
2, 3, 23
Let h = -2364 + 4296. What are the prime factors of h?
2, 3, 7, 23
Let a be (2 - 1)/((1/5)/1). Suppose 180 - 640 = -a*b. Suppose 0 = -0*g + g - b. What are the prime factors of g?
2, 23
Let w(o) = 24*o - 149. Let r be w(6). List the prime factors of 2/(-12)*-9*(-2810)/r.
3, 281
Let j = -85 + 265. Suppose 2*g - 3*g - 123 = 0. Let p = j + g. What are the prime factors of p?
3, 19
Let z be 20*(-2 + ((-210)/(-4))/(-7)). Let u = z - -236. List the prime factors of u.
2, 23
List the prime factors of -1*23510/(-1) + (29 - 30).
23509
Suppose -5*s = -5, 20983 = 5*q + 4*s + 2754. What are the prime factors of q?
3, 5
What are the prime factors of (-1)/(((-12)/(-9048))/(-1))?
2, 13, 29
Let h = 64 - -28. List the prime factors of -3 + ((-6328)/(-10) - h/115).
17, 37
Suppose 285*z - 25583 = 275*z + 266817. What are the prime factors of z?
2, 5, 17, 43
Let j be (-4)/(-18) + 130660/90. Suppose -15*h + 4668 = -j. List the prime factors of h.
2, 3, 17
Let u = -227 + 250. Let z(t) = t - 7. Let f be z(11). Suppose 0 = f*n - 297 - u. List the prime factors of n.
2, 5
Let h(y) = 19*y**2 - 3*y - 2433. What are the prime factors of h(-49)?
17, 2549
Let d = -66 - -76. Let q be 15/d*(-4)/6 + 25. List the prime factors of 1420/q + 3 + 2/(-12).
2, 31
Suppose 6*s + 5*i = 7*s - 19, 7 = 5*s - 3*i. Let r(l) = -444*l + 13. What are the prime factors of r(s)?
457
Suppose -355*f = -372*f + 33864. What are the prime factors of f?
2, 3, 83
Suppose -26 = -12*z + 10. Suppose r - z*r = 5*f - 5956, 0 = -4*r - 8. What are the prime factors of f?
2, 149
Let x = 7439 - -2226. What are the prime factors of x?
5, 1933
Let s = 13 - -17. Let g be (-3)/4*2 - 75/(-6). Let v = g + s. List the prime factors of v.
41
Let i(w) = 66*w - 255. Let n be i(5). Suppose -2*q + 0*q - 103 = -j, 4*j + 182 = -3*q. Let b = n - q. What are the prime factors of b?
3, 43
Let k(t) be the second derivative of 11*t**3/6 - 3*t**2 + 9*t. Let z be k(3). Let d = -16 + z. What are the prime factors of d?
11
Let w(m) = 11*m + 2 - 3 + 0. Let i = -1745 + 1749. What are the prime factors of w(i)?
43
Let b(l) = 6*l - 28. Let n be b(6). Suppose n*z = 3*z. Suppose 5*q - h - 350 = 0, 3*q + z*h - 4*h - 193 = 0. List the prime factors of q.
71
Let d(b) be the second derivative of 33*b**3/2 - 14*b**2 + 3*b. Let n(f) = -248*f + 70. Let o(v) = 12*d(v) + 5*n(v). List the prime factors of o(-2).
2, 59
Let v = -9 + -5. Let q(u) = -u**3 - 12*u**2 - 4*u + 22. Let i(d) = -5*d**3 - 59*d**2 - 18*d + 111. Let h(z) = -2*i(z) + 11*q(z). List the prime factors of h(v).
2, 3, 11
Let a = -1306 - -1279. Suppose z - 2*b = -0*b - 8, -4*z - 5*b - 45 = 0. What are the prime factors of (18/a)/((z/(-36))/(-5))?
2, 3
Let t(k) = 2*k - 8. Let y be t(8). Suppose y*a - 3*a = 15, 0 = -4*q + 2*a + 14. Suppose 0 = -5*o + q*z + 210, z = -3*o - 2*o + 216. List the prime factors of o.
43
Let a be 444/108 + (-2)/18. Suppose -2*g = 2*t - 442, 452 = 33*g - 31*g + a*t. List the prime factors of g.
2, 3
Let x = -44 - -48. Suppose 0 = -0*a - 2*a + x*a. Suppose -f - 4*g + 91 = a, 4*g + 386 = 5*f + g. List the prime factors of f.
79
Suppose 13*b + 414 = 10*b. Let r = b - -268. List the prime factors of r.
2, 5, 13
List the prime factors of (30947200/57)/16 - (-4)/6.
2, 19, 47
Let p be 4/14 - (3 - (-1775)/(-35)). Let f = p - 48. Suppose -8*x + 13*x - 255 = f. What are the prime factors of x?
3, 17
Suppose 3*z - 2*j - 97 - 431 = 0, -2*z = -j - 351. Suppose 5*l - z = 1111. List the prime factors of l.
257
Let u(y) = 4*y - 29. Let k be u(8). Suppose -f = -n + k*n - 85, 130 = 3*n + 4*f. Suppose -131 = -x + n. List the prime factors of x.
173
Suppose 0*z + 29*z - 319 = 0. Suppose -z*k = 3*k - 20510. List the prime factors of k.
5, 293
What are the prime factors of ((-400452)/(-390))/((-1)/(-5))?
2, 17, 151
Let m = 21 + -18. Suppose m*v - 7*v = -5*f + 1288, 3*f + v - 783 = 0. Suppose 0 = 2*a + 2*c + 52 - 182, 4*a - f = -2*c. List the prime factors of a.
5, 13
Let x = -127 + 131. What are the prime factors of (22/x)/((-30)/(-3000))?
2, 5, 11
Suppose 39*k + 989293 = 3088975. What are the prime factors of k?
2, 3, 997
Suppose 0 = 5*p - 0*p - 10. Let b be (51330/59)/(2/(-8) - -1). Suppose 8*i - b = -p*i. What are the prime factors of i?
2, 29
Let y(a) = 12*a - 53. Let d be y(22). Let v = -312 + d. List the prime factors of (-17 - v) + (-8)/(-2).
2, 11
Let g(n) = 446*n**3 + 3*n**2 - 15*n + 45. What are the prime factors of g(3)?
3, 149
Let g = -14 - -60. Let x = 66 - g. What are the prime factors of (-8)/x - (-1784)/10?
2, 89
Let q(g) = 23*g - 14. Let w be q(-2). Let v = w + 63. Suppose v*c - 6 = 117. List the prime factors of c.
41
Let m(g) = 8*g**2 - 3*g**2 + 12*g - 2*g**2 - 5*g**2 + 5. Let w be m(6). Suppose -z + 3*p + 122 = 0, -2*p + 92 = -w*z + 650. What are the prime factors of z?
2, 5, 11
Suppose 2*t = -l - 4, l - 4*l + 3*t = -24. Suppose 0 = l*u - f - 5091, -6*f + 5076 = 4*u - 2*f. What are the prime factors of ((-2)/(-3))/(2 - u/639)?
71
Let j be (-9)/(-6)*(-338)/(-39). Suppose -5248 = j*q - 17*q. What are the prime factors of q?
2, 41
Suppose -4 = t - 10. Let x(w) = -2*w**2 + 15*w - 25. Let r be x(t). What are the prime factors of (r - 10)/(1/(-1))?
17
Suppose 5*l + 60 = 45, 2*l + 5579 = q. What are the prime factors of q?
5573
Let g = -3733 - -10914. Suppose -3*i = -2*i - 4*d - 1449, -5*i + 4*d = -g. What are the prime factors of i?
1433
Let q be (7/(21/6) + 2)/2. Suppose k = q*d + 132, -4*k - 3*d + 508 = -d. List the prime factors of k.
2
Suppose -610 = -7*t - 3*t. Let n(x) = 90 - t - 3*x + 4*x. What are the prime factors of n(-22)?
7
Let r(n) = -11*n**3 - 20*n**2 - 6*n + 193. What are the prime factors of r(-15)?
2, 19, 433
Suppose -5*a = -x + 6*x - 145, -3*x - 5*a = -97. Suppose 24 - x = -4*k. Suppose 5*u + 3*w = 4*w + 620, k = -4*u - 3*w + 477. List the prime factors of u.
3, 41
Let k(z) = 7*z**3 - 2*z**2 + 3*z - 1. Let d be k(1). Suppose -g + 1056 = d*g. Suppose 3*n = -0*n + g. List the prime factors of n.
2, 11
Let x(j) = -3*j**3 - 28*j**2 - 10*j + 48. List the prime factors of x(-24).
2, 3, 89
Let c(k) = -382*k - 13. Let n be c(-3). Let l = -674 + n. List the prime factors of l.
3, 17
Suppose -58*p - 125 = -63*p. Suppose -2*v - 2*x + 14 = 0, -3*v + 4*x - p = -6*v. Suppose -4*t = -3*d - 77, -t - v*d + 2*d + 28 = 0. List the prime factors of t.
23
Let d be (-12360)/(-9) + 10/15. Suppose -d + 7606 = 8*w. List the prime factors of w.
19, 41
Suppose -25*y + 3038 = -23*y. Suppose y = 18*m - 1217. List the prime factors of m.
2, 19
Let a(u) = -63*u + 102. Let m(t) = -t**3 - 15*t**2 - t + 3. Let v be m(-15). Let y(r) = -18*r + 29. Let c(i) = v*y(i) - 5*a(i). List the prime factors of c(-6).
2, 3, 11
Suppose 1 = 5*w + 6. Let g be (0 - w)/(10/(-1910)). Let x = g - -292. What are the prime factors of x?
101
Let h(o) = 1475*o + 238. What are the prime factors of h(4)?
2, 3, 11, 31
Suppose -2*b = 4*s - 44846, -36*b = -2*s - 39*b + 22433. What are the prime factors of s?
11, 1019
Let g(c) = c + 370. Let q be ((-102)/(-4))/((-2)/4). What are the prime factors of g(q)?
11, 29
Suppose -37206 = -26*i + 21112. List the prime factors of i.
2243
Let b(f) = 6*f**3 + 10*f**2 - 39*f - 57. Let y(k) = -5*k**3 - 11*k**2 + 38*k + 56. Let a(q) = 6*b(q) + 7*y(q). What are the prime factors of a(15)?
2, 5
Let x be (-2989)/(-119) - (0 + (-2)/(-17)). Let h(s) = s**2 - 10*s + 16. What are the prime factors of h(x)?
17, 23
Let y be (3905/110)/((6/44)/(-3)). Let g = y + 1148. What are the prime factors of g?
367
Suppose -18 = -3*i + n, -8*i - 37 = -12*i - 3*n. List the prime factors of (2 + -1)*2191/i.
313
Let s(z) = 4*z + z**2 + 257 - z + 2*z - 7*z. What are the prime factors of s(0)?
257
Let t = 36424 - 21563. List the prime factors of t.
7, 11, 193
Suppose -2*b + 4 = -4*g - 6, 3*b = g + 40. Suppose -b*v = -16*v. Suppose v = 19*x - 23*x + 316. List the prime factors of x.
79
Let i(g) = -10*g**3 - 4*g - 8. Let o be i(-3). Let r = o + 389. What are the prime factors of r?
3, 13, 17
Suppose 4*o = -2*t - 1934, 0*o + 4*t - 497 = o. Let w = o + 871. List the prime factors of w.
2, 193
Suppose -10*u = -5*u. Suppose -15*h + 510